Convert 132120 (base 4) to base 8.
3630
What is -13043 (base 6) in base 3?
-2201000
What is -b40 (base 16) in base 3?
-10221200
What is -740 (base 8) in base 12?
-340
1334141 (base 5) to base 13
c634
Convert 259e (base 15) to base 9.
12005
2308 (base 14) to base 16
17c4
-2b09 (base 16) to base 15
-33e7
1136 (base 7) to base 10
419
Convert -2443 (base 14) to base 6.
-45151
What is -85ab (base 14) in base 7?
-124204
-509a (base 11) to base 9
-10245
Convert -4461 (base 7) to base 10.
-1611
Convert -13945 (base 10) to base 4.
-3121321
What is 1411 (base 10) in base 11?
1073
What is -340 (base 12) in base 6?
-2120
-725 (base 8) to base 11
-397
Convert -47ab (base 12) to base 9.
-12035
What is 1222 (base 6) in base 13?
1a3
Convert -112 (base 5) to base 3.
-1012
8b (base 12) to base 7
212
What is -467 (base 9) in base 13?
-238
What is 10000000100 (base 2) in base 3?
1102002
Convert 24533 (base 6) to base 15.
113c
What is 643 (base 7) in base 15?
16a
What is -4063 (base 7) in base 11?
-1079
Convert 670 (base 14) to base 4.
103322
-2581 (base 9) to base 10
-1936
What is 1024 (base 5) in base 8?
213
Convert -2452 (base 11) to base 12.
-1a2b
Convert -45534 (base 9) to base 12.
-15671
-b956 (base 13) to base 2
-110010010011111
What is 596 (base 13) in base 11?
800
Convert 12542 (base 8) to base 13.
2651
What is -100011011011 (base 2) in base 11?
-1781
2105 (base 16) to base 15
2788
-111000010110 (base 2) to base 15
-1106
What is -102 (base 13) in base 3?
-20100
-2a57 (base 14) to base 2
-1110101100101
What is -10101 (base 2) in base 4?
-111
What is -1011100101111001 (base 2) in base 3?
-2102010120
Convert 474a (base 13) to base 4.
2130301
What is 11675 (base 8) in base 3?
20221011
What is -1214 (base 15) in base 13?
-1999
Convert 2212020 (base 3) to base 2.
100000100101
What is -7a60 (base 16) in base 12?
-16168
Convert -33069 (base 10) to base 16.
-812d
13334 (base 5) to base 2
10001000110
Convert -748 (base 11) to base 3.
-1020022
What is 3782 (base 9) in base 11?
2141
What is -1e1 (base 16) in base 9?
-584
Convert 2043 (base 14) to base 5.
134142
Convert 281 (base 11) to base 7.
652
What is 36a (base 15) in base 5?
11100
Convert a0 (base 13) to base 3.
11211
What is -20001101 (base 3) in base 14?
-1871
Convert -3aa (base 13) to base 5.
-10042
Convert -22222 (base 3) to base 10.
-242
What is 50013 (base 6) in base 10?
6489
Convert 2021320 (base 4) to base 16.
2278
What is 7065 (base 8) in base 10?
3637
-1033 (base 6) to base 5
-1422
Convert 616 (base 9) to base 10.
501
Convert -2121311 (base 4) to base 16.
-2675
Convert -1421323 (base 5) to base 7.
-152156
What is -11212 (base 4) in base 3?
-111021
What is -23002 (base 5) in base 4?
-121123
What is 511 (base 7) in base 9?
311
What is -511443 (base 6) in base 3?
-2001122100
What is 1662 (base 11) in base 12?
1291
Convert 21324 (base 6) to base 13.
1447
What is 102222022 (base 3) in base 10?
8729
-1000110111100 (base 2) to base 4
-1012330
What is -25 (base 10) in base 11?
-23
What is -155 (base 10) in base 11?
-131
Convert 433 (base 9) to base 5.
2404
10444 (base 5) to base 7
2120
Convert 22 (base 13) to base 4.
130
What is 224224 (base 5) in base 4?
1332000
12de (base 15) to base 5
112114
What is -1671 (base 8) in base 12?
-675
Convert 5034 (base 6) to base 3.
1111211
Convert -39a (base 11) to base 3.
-122111
-3721 (base 12) to base 16
-1849
46 (base 8) to base 4
212
What is -ad (base 16) in base 8?
-255
-3c7 (base 14) to base 6
-3311
3212323 (base 4) to base 8
34673
-11203311 (base 4) to base 2
-101100011110101
What is 4603 (base 8) in base 6?
15135
Convert 30473 (base 9) to base 13.
91a1
11794 (base 10) to base 2
10111000010010
-443 (base 9) to base 5
-2423
Convert -8e (base 15) to base 4.
-2012
What is -1102020 (base 4) in base 11?
-3a49
3bc9 (base 15) to base 3
122112200
Convert -5235 (base 9) to base 2.
-111011111111
What is 451115 (base 6) in base 14?
db15
-5c7 (base 15) to base 16
-520
What is -110 (base 16) in base 12?
-1a8
-3023 (base 8) to base 13
-928
-10 (base 2) to base 9
-2
What is 908a (base 11) in base 6?
131525
Convert -144 (base 12) to base 3.
-21021
468 (base 11) to base 4
20232
-2144 (base 11) to base 3
-10212212
Convert -1101100000 (base 2) to base 6.
-4000
What is -277 (base 14) in base 7?
-1310
What is 1461 (base 7) in base 2?
1001000110
-45161 (base 7) to base 6
-124455
Convert 2242 (base 10) to base 11.
1759
2146 (base 15) to base 8
15601
What is 31023 (base 4) in base 11?
6a7
Convert -154 (base 7) to base 9.
-107
What is -100101000011 (base 2) in base 9?
-3224
Convert -2407 (base 11) to base 13.
-1587
What is 20232 (base 4) in base 7?
1425
Convert -6b2 (base 15) to base 2.
-10111101101
Convert -14004 (base 5) to base 15.
-504
What is -112001201 (base 3) in base 14?
-3a44
1625 (base 8) to base 10
917
-243300 (base 5) to base 8
-21760
Convert 1367 (base 13) to base 4.
223211
Convert 2564 (base 8) to base 13.
835
What is -10100 (base 2) in base 9?
-22
Convert 43244 (base 7) to base 16.
2a0b
19591 (base 13) to base 12
24641
165 (base 9) to base 14
a0
What is -1517 (base 8) in base 7?
-2320
Convert -13350 (base 8) to base 9.
-8035
3130 (base 4) to base 12
164
103252 (base 6) to base 14
3172
What is -413404 (base 5) in base 9?
-20585
What is 5631 (base 12) in base 9?
14071
6a8 (base 11) to base 2
1101001100
Convert 12535 (base 9) to base 16.
2108
-5372 (base 11) to base 10
-7097
-10010101011 (base 2) to base 11
-997
245242 (base 6) to base 15
675e
-121101222 (base 3) to base 7
-46604
Convert -9677 (base 16) to base 6.
-454155
What is -44c6 (base 15) in base 14?
-545c
235320 (base 6) to base 10
20640
-71a (base 11) to base 2
-1101100100
What is 12646 (base 7) in base 11?
2625
Convert -2b6 (base 12) to base 5.
-3201
Convert 10233133 (base 4) to base 13.
8ac1
What is -45 (base 10) in base 8?
-55
What is -d25 (base 16) in base 6?
-23325
-1230313 (base 4) to base 9
-10501
What is -8100 (base 13) in base 4?
-10111101
What is 12236 (base 14) in base 13?
17251
Convert -1000240 (base 5) to base 7.
-63521
What is -505 (base 10) in base 7?
-1321
100001 (base 3) to base 9
301
138 (base 13) to base 9
260
What is 297 (base 10) in base 12?
209
-185 (base 13) to base 5
-2103
a67 (base 12) to base 3
2002021
-5341 (base 7) to base 11
-146a
Convert 1497 (base 16) to base 9.
7206
What is 5416 (base 9) in base 16?
f90
What is -104420 (base 5) in base 10?
-3735
What is 557 (base 14) in base 6?
4521
What is -1632 (base 11) in base 9?
-2774
Convert 2910 (base 12) to base 14.
1a44
What is -6675 (base 8) in base 4?
-312331
Convert 3232 (base 8) to base 9.
2277
What is -2252 (base 6) in base 9?
-655
Convert -1661 (base 15) to base 9.
-6541
What is -39 (base 11) in base 3?
-1120
490 (base 16) to base 9
1537
Convert -111100000 (base 2) to base 7.
-1254
Convert -4015 (base 6) to base 16.
-36b
What is -7686 (base 11) in base 4?
-2132121
-11990 (base 15) to base 8
-155540
-6152 (base 10) to base 8
-14010
294b (base 14) to base 15
227e
Convert -7d0 (base 15) to base 6.
-12110
Convert 200 (base 14) to base 4.
12020
Convert 2a1 (base 16) to base 11.
562
What is -60a6 (base 13) in base 2?
-11010000000110
What is -121130 (base 6) in base 4?
-2212032
Convert 517 (base 14) to base 9.
1332
212221 (base 3) to base 2
1010000110
2164 (base 14) to base 3
21220210
What is -4414 (base 8) in base 5?
-33231
-234 (base 16) to base 2
-1000110100
34412 (base 5) to base 9
3357
Convert -4424 (base 6) to base 7.
-2662
-5a7 (base 16) to base 9
-1877
What is 214101 (base 6) in base 8?
42525
-3130 (base 11) to base 16
-1033
Convert c5a9 (base 15) to base 7.
232551
-21234 (base 5) to base 14
-752
Convert 456 (base 11) to base 4.
20201
Convert -11155 (base 6) to base 2.
-11000101111
Convert -65 (base 8) to base 14.
-3b
Convert c65 (base 15) to base 5.
42140
What is -1b51 (base 13) in base 2?
-1000000011010
What is -c528 (base 16) in base 9?
-76210
-2625 (base 7) to base 14
-515
What is 8b1 (base 13) in base 6?
10532
Convert -1635 (base 8) to base 3.
-1021021
Convert -737d (base 14) to base 16.
-4dc3
-124555 (base 7) to base 2
-101101011100010
Convert 12111220 (base 3) to base 2.
111110110100
What is 30298 (base 11) in base 10?
44272
33103 (base 4) to base 14
4dd
What is -111011011 (base 2) in base 6?
-2111
Convert 10b4 (base 13) to base 